1559463 composite?
False
Is 22743881 composite?
True
Is 136096655 a prime number?
False
Is 1769227 a composite number?
False
Is 608760683 composite?
True
Is 55401667 a prime number?
True
Is 333315779 a composite number?
False
Is 40029527 prime?
True
Is 52964521 a prime number?
True
Is 89695061 prime?
False
Is 38665577 composite?
False
Is 11110711 prime?
True
Is 22346981 composite?
True
Is 234310313 a composite number?
False
Is 33889477 a composite number?
True
Is 4790323 prime?
False
Is 1076431 prime?
False
Is 6470381 a composite number?
True
Is 9588497 a composite number?
True
Is 139971343 a composite number?
False
Is 2552449 a prime number?
True
Is 11794831 composite?
False
Is 53809251 composite?
True
Is 2375367 a composite number?
True
Is 106497959 a composite number?
True
Is 486723421 a prime number?
True
Is 21128186 a composite number?
True
Is 6884989 composite?
False
Is 6136301 a prime number?
True
Is 7705513 prime?
False
Is 3467141 a prime number?
False
Is 83650751 a prime number?
True
Is 6896863 prime?
False
Is 8764417 a prime number?
False
Is 55605071 prime?
False
Is 11677789 a composite number?
False
Is 971023 prime?
False
Is 119469793 prime?
False
Is 1488679 a prime number?
False
Is 5318961 prime?
False
Is 4580503 a prime number?
True
Is 3538951 prime?
False
Is 25911187 prime?
True
Is 32017211 a prime number?
True
Is 39341831 a prime number?
True
Is 214466831 prime?
True
Is 13957703 composite?
False
Is 11496193 composite?
False
Is 148431187 a prime number?
True
Is 5674561 composite?
True
Is 5084609 a prime number?
False
Is 470929 composite?
True
Is 52665469 a composite number?
True
Is 21925043 a composite number?
True
Is 31008227 a prime number?
True
Is 3205997 composite?
False
Is 20950337 prime?
True
Is 361334 composite?
True
Is 7522643 composite?
False
Is 2994113 a prime number?
True
Is 58970462 prime?
False
Is 15315893 a prime number?
False
Is 9335543 composite?
True
Is 2383291 composite?
False
Is 1308955 composite?
True
Is 364681 a prime number?
False
Is 31897231 a prime number?
True
Is 39353117 a prime number?
True
Is 4489249 composite?
True
Is 12220049 a prime number?
False
Is 183350987 composite?
False
Is 475879139 a composite number?
True
Is 325771 composite?
True
Is 39490963 prime?
False
Is 7174907 composite?
False
Is 162845279 a composite number?
True
Is 5277857 composite?
True
Is 190154807 a composite number?
False
Is 31633721 a composite number?
True
Is 86627 a composite number?
False
Is 90706177 composite?
False
Is 39132061 composite?
False
Is 27356279 prime?
True
Is 5357351 composite?
False
Is 6073523 a prime number?
True
Is 34354993 composite?
False
Is 8987911 composite?
False
Is 9765755 composite?
True
Is 167632501 composite?
True
Is 593686 a composite number?
True
Is 49978757 a prime number?
False
Is 13764181 a prime number?
False
Is 66551591 a composite number?
False
Is 11863681 prime?
True
Is 727931 a prime number?
False
Is 201679453 composite?
False
Is 14697803 a composite number?
True
Is 122579 a prime number?
True
Is 18973 composite?
False
Is 3117977513 composite?
True
Is 152731457 a composite number?
False
Is 219814973 a prime number?
False
Is 1009473 composite?
True
Is 111374389 a prime number?
False
Is 9679039 a composite number?
True
Is 13114069 a composite number?
False
Is 91192363 composite?
False
Is 6030569 prime?
True
Is 93159553 composite?
True
Is 176036333 composite?
True
Is 2521399 prime?
False
Is 62361301 a composite number?
False
Is 220254767 a composite number?
False
Is 1988777 a composite number?
True
Is 432779 composite?
True
Is 51289115 composite?
True
Is 11730093 a prime number?
False
Is 23602207 a composite number?
True
Is 45344263 composite?
True
Is 121139 prime?
True
Is 48878941 a prime number?
False
Is 3116807 composite?
False
Is 48578903 prime?
True
Is 25772207 a composite number?
False
Is 8370151 a composite number?
False
Is 273237 a prime number?
False
Is 1294939 a composite number?
False
Is 59786627 composite?
False
Is 81461551 composite?
True
Is 85764101 a prime number?
True
Is 61851589 a prime number?
True
Is 5379323 composite?
True
Is 13368187 prime?
False
Is 524516297 composite?
False
Is 234757 composite?
True
Is 909553 a prime number?
False
Is 25357471 prime?
True
Is 2038747 a composite number?
False
Is 684419341 prime?
True
Is 10820323 composite?
False
Is 5559977 prime?
False
Is 1492739 prime?
True
Is 17938345 composite?
True
Is 1530901 composite?
True
Is 58944767 composite?
True
Is 1456506605 a prime number?
False
Is 18253477 composite?
True
Is 71867359 a prime number?
True
Is 9767857 prime?
False
Is 24419621 a prime number?
True
Is 6853031 composite?
False
Is 51786355 prime?
False
Is 103271191 prime?
True
Is 41018801 a prime number?
False
Is 3608117 a prime number?
True
Is 82377823 prime?
False
Is 14297377 a prime number?
False
Is 26514593 prime?
False
Is 83261911 prime?
True
Is 25573859 composite?
False
Is 2341201 composite?
False
Is 112596307 a composite number?
False
Is 65559061 a prime number?
True
Is 70915637 composite?
True
Is 949147 prime?
True
Is 1905289 composite?
True
Is 30350521 composite?
False
Is 473633 prime?
True
Is 67175399 prime?
True
Is 40273427 a prime number?
False
Is 27434357 prime?
False
Is 36472899 prime?
False
Is 323873249 composite?
True
Is 69682147 a prime number?
True
Is 180863173 prime?
True
Is 5728714 a composite number?
True
Is 173182993 a prime number?
True
Is 22558747 composite?
False
Is 6386819 a prime number?
True
Is 2711957 a prime number?
False
Is 39562697 composite?
True
Is 5289157 a composite number?
False
Is 11648597 a composite number?
False
Is 11597827 a prime number?
True
Is 244733 a prime number?
True
Is 63456229 a prime number?
True
Is 30118499 a prime number?
True
Is 6711157 composite?
False
Is 10718767 composite?
False
Is 1264181 a composite number?
True
Is 220583149 composite?
True
Is 26252251 prime?
True
Is 47001543 a composite number?
True
Is 983207 a composite number?
True
Is 20957833 prime?
False
Is 2619493 composite?
True
Is 159831101 composite?
False
Is 83031439 a composite number?
False
Is 10880897 a prime number?
True
Is 228094513 composite?
False
Is 837471451 a prime number?
True
Is 6185923 prime?
False
Is 36799213 a prime number?
False
Is 2319679 composite?
False
Is 76892779 a prime number?
False
Is 9535217 a prime number?
True
Is 9484701 a prime number?
False
Is 77681 composite?
False
Is 31250521 composite?
False
Is 278143 prime?
True
Is 46010297 a composite number?
False
Is 49860739 composite?
True
Is 12002377 a composite number?
False
Is 19799657 a prime number?
True
Is 5589811 a prime number?
True
Is 1162571 composite?
False
Is 142617031 composite?
False
Is 1475993 a composite number?
True
Is 66175199 composite?
False
Is 40816741 a composite number?
True
Is 41048597 prime?
False
Is 56368693 a prime number?
False
Is 4583 composite?
False
Is 2749789 prime?
False
Is 13531957 a composite number?
False
Is 12954121 composite?
False
Is 4392429 prime?
False
Is 35190497 a prime number?
False
Is 995783 a prime number?
True
Is 17220477 a prime number?
False
Is 1552591 composite?
True
Is 118087961 prime?
False
Is 32800219 prime?
False
Is 48514589 prime?
False
Is 14745559 composite?
False
Is 2433421 composite?
False
Is 8512523 a prime number?
True
Is 8128291 a prime number?
False
Is 9699593 a prime number?
True
Is 116932735 a composite number?
True
Is 147299953 composite?
True
Is 10440851 composite?
False
Is 8478901 composite?
True
Is 39995519 prime?
True
Is 15862031 prime?
True
Is 7720901 prime?
False
Is 1111244102 a prime number?
False
Is 19600721 composite?
True
Is 7764371 composite?
False
Is 322495126 a prime number?
False
Is 406091953 a composite number?
False
Is 135596613 prime?
False
Is 5567113 prime?
True
Is 193493 a composite number?
False
Is 55098187 a composite number?
True
Is 91756081 prime?
True
Is 159134669 a composite number?
True
Is 27959111 a prime number?
True
Is 11449909 prime?
False
Is 481891021 composite?
False
Is 8394182 prime?
False
Is 2360167 a composite number?
False
Is 20863915 composite?
True
Is 888683 composite?
False
Is 9199397 a prime number?
False
Is 6454861 prime?
False
Is 59834 prime?
False
Is 29839727 a composite number?
True
Is 2522437 prime?
False
Is 1651493 prime?
True
Is 1411972511 a comp